ert 230 (base 5) to base 12.
55
24 (base 5) to base 14
10
-d (base 15) to base 5
-23
Convert 5 (base 15) to base 14.
5
-2 (base 3) to base 6
-2
Convert -40 (base 9) to base 2.
-100100
What is -12 (base 11) in base 5?
-23
Convert -310 (base 4) to base 14.
-3a
What is -d0 (base 16) in base 14?
-10c
Convert 6 (base 14) to base 4.
12
-8 (base 11) to base 8
-10
Convert -4 (base 6) to base 10.
-4
Convert 2 (base 4) to base 5.
2
Convert -246 (base 7) to base 13.
-a2
Convert 1 (base 7) to base 2.
1
Convert 0 (base 6) to base 12.
0
-3 (base 6) to base 11
-3
-10 (base 2) to base 15
-2
Convert -4 (base 6) to base 7.
-4
What is -130 (base 4) in base 10?
-28
2 (base 9) to base 8
2
Convert 43 (base 5) to base 6.
35
24 (base 7) to base 12
16
Convert -221 (base 5) to base 2.
-111101
What is 1133 (base 4) in base 2?
1011111
What is -110 (base 3) in base 16?
-c
Convert -22 (base 12) to base 10.
-26
-72 (base 10) to base 16
-48
Convert -4 (base 12) to base 3.
-11
What is -2 (base 9) in base 10?
-2
Convert 2022 (base 3) to base 15.
42
Convert -20 (base 11) to base 10.
-22
What is 1000 (base 2) in base 8?
10
1 (base 10) to base 5
1
-6 (base 16) to base 10
-6
Convert 31 (base 4) to base 5.
23
Convert -305 (base 6) to base 11.
-a3
9 (base 11) to base 15
9
-12 (base 8) to base 15
-a
-12 (base 9) to base 4
-23
What is -5 (base 7) in base 12?
-5
22 (base 14) to base 15
20
Convert -15 (base 9) to base 3.
-112
Convert 6 (base 7) to base 11.
6
11 (base 11) to base 15
c
Convert 5 (base 7) to base 4.
11
What is 51 (base 16) in base 5?
311
-2 (base 3) to base 15
-2
Convert 1111 (base 2) to base 8.
17
Convert 211 (base 7) to base 9.
127
Convert 1 (base 16) to base 5.
1
-10 (base 6) to base 15
-6
What is -78 (base 13) in base 2?
-1100011
31 (base 5) to base 2
10000
Convert 1b (base 13) to base 5.
44
Convert -3 (base 8) to base 14.
-3
What is -38 (base 10) in base 12?
-32
-136 (base 8) to base 14
-6a
Convert -3 (base 11) to base 8.
-3
-b8 (base 16) to base 14
-d2
Convert 0 (base 12) to base 7.
0
2 (base 15) to base 12
2
What is 23 (base 6) in base 13?
12
Convert 14 (base 5) to base 10.
9
What is -4 (base 9) in base 13?
-4
What is -22 (base 7) in base 3?
-121
Convert c (base 16) to base 13.
c
What is 9 (base 11) in base 2?
1001
What is -34 (base 14) in base 7?
-64
-3 (base 6) to base 11
-3
What is 12 (base 6) in base 13?
8
-2 (base 9) to base 16
-2
Convert -4 (base 14) to base 8.
-4
Convert 1 (base 11) to base 8.
1
-32 (base 5) to base 15
-12
-1000 (base 2) to base 12
-8
What is -58 (base 10) in base 14?
-42
Convert -7 (base 11) to base 8.
-7
Convert 41 (base 7) to base 16.
1d
-11 (base 2) to base 13
-3
Convert 0 (base 4) to base 2.
0
What is -34 (base 6) in base 15?
-17
Convert -32 (base 4) to base 11.
-13
Convert -2 (base 13) to base 10.
-2
What is -5 (base 16) in base 13?
-5
2102 (base 4) to base 16
92
13 (base 5) to base 3
22
What is -2 (base 16) in base 4?
-2
What is -2 (base 7) in base 13?
-2
What is 1 (base 7) in base 10?
1
Convert 1 (base 14) to base 9.
1
Convert 2 (base 12) to base 9.
2
Convert 12 (base 3) to base 12.
5
What is 2201 (base 3) in base 10?
73
-10101 (base 2) to base 4
-111
What is -36 (base 14) in base 15?
-33
What is -2 (base 3) in base 12?
-2
-8 (base 14) to base 8
-10
What is -4 (base 5) in base 11?
-4
Convert -a3 (base 11) to base 13.
-89
What is -111 (base 2) in base 13?
-7
Convert -3 (base 5) to base 15.
-3
What is -4 (base 14) in base 2?
-100
What is -21 (base 4) in base 11?
-9
What is -1a (base 15) in base 10?
-25
Convert 75 (base 12) to base 5.
324
Convert 340 (base 10) to base 15.
17a
What is -84 (base 13) in base 8?
-154
What is 11 (base 10) in base 3?
102
What is -1111 (base 2) in base 13?
-12
47 (base 16) to base 12
5b
What is 161 (base 9) in base 14?
9a
-3a (base 11) to base 12
-37
Convert -27 (base 8) to base 10.
-23
7 (base 8) to base 3
21
102 (base 11) to base 4
1323
What is d0 (base 16) in base 2?
11010000
Convert -20 (base 6) to base 10.
-12
2 (base 13) to base 9
2
Convert -1 (base 11) to base 10.
-1
What is -28 (base 10) in base 15?
-1d
Convert -26 (base 7) to base 8.
-24
Convert 10 (base 4) to base 10.
4
Convert -16 (base 16) to base 15.
-17
What is -57 (base 9) in base 8?
-64
4 (base 10) to base 8
4
What is -3 (base 7) in base 5?
-3
-3 (base 12) to base 14
-3
What is -10000 (base 2) in base 9?
-17
6 (base 8) to base 10
6
What is -1011 (base 2) in base 5?
-21
What is -101 (base 2) in base 14?
-5
2 (base 9) to base 15
2
What is 11 (base 4) in base 8?
5
41 (base 6) to base 15
1a
4 (base 14) to base 5
4
Convert 43 (base 15) to base 4.
333
0 (base 2) to base 16
0
Convert -8 (base 9) to base 3.
-22
-100 (base 2) to base 12
-4
Convert 1010 (base 4) to base 5.
233
What is -1 (base 9) in base 7?
-1
Convert 3 (base 11) to base 4.
3
5 (base 16) to base 4
11
What is 112 (base 3) in base 13?
11
Convert -1 (base 3) to base 4.
-1
What is -310 (base 5) in base 12?
-68
What is -3 (base 9) in base 12?
-3
4 (base 12) to base 5
4
-223 (base 5) to base 9
-70
Convert -110 (base 2) to base 8.
-6
Convert 23 (base 9) to base 14.
17
Convert -3 (base 11) to base 8.
-3
-3 (base 11) to base 5
-3
-2 (base 7) to base 4
-2
What is 1 (base 14) in base 12?
1
Convert -2 (base 6) to base 9.
-2
Convert -60 (base 11) to base 16.
-42
What is -7 (base 15) in base 5?
-12
What is c1 (base 15) in base 3?
20201
101 (base 2) to base 8
5
What is -12 (base 8) in base 2?
-1010
What is -100 (base 2) in base 11?
-4
-2 (base 7) to base 9
-2
Convert 10 (base 3) to base 6.
3
-1b (base 13) to base 6
-40
-1 (base 6) to base 11
-1
80 (base 9) to base 10
72
What is -14d (base 14) in base 5?
-2030
1 (base 11) to base 2
1
3 (base 9) to base 7
3
6 (base 11) to base 14
6
What is -4 (base 8) in base 15?
-4
-2 (base 6) to base 2
-10
Convert 15 (base 10) to base 6.
23
-116 (base 13) to base 12
-138
Convert 100011001 (base 2) to base 15.
13b
-300 (base 4) to base 15
-33
What is -1 (base 14) in base 4?
-1
What is 8 (base 10) in base 16?
8
0 (base 16) to base 7
0
Convert -3 (base 9) to base 15.
-3
-20 (base 6) to base 10
-12
5 (base 13) to base 11
5
-3 (base 14) to base 12
-3
What is -1a2 (base 11) in base 5?
-1413
-3 (base 6) to base 11
-3
What is 0 (base 4) in base 5?
0
Convert 1d (base 15) to base 7.
40
-5 (base 8) to base 11
-5
-21 (base 7) to base 6
-23
What is 2 (base 15) in base 10?
2
4 (base 10) to base 6
4
Convert -45 (base 6) to base 11.
-27
What is 0 (base 14) in base 12?
0
Convert 46 (base 7) to base 8.
42
What is -1 (base 6) in base 10?
-1
What is -10100001 (base 2) in base 14?
-b7
Convert 32 (base 14) to base 3.
1122
Convert -112 (base 3) to base 15.
-e
Convert -203 (base 5) to base 7.
-104
Convert -3 (base 12) to base 8.
-3
Convert 0 (base 15) to base 8.
0
Convert -38 (base 12) to base 6.
-112
Convert 18 (base 10) to base 15.
13
Convert -3 (base 13) to base 6.
-3
-17 (base 13) to base 6
-32
Convert 14 (base 8) to base 14.
c
Convert -a7 (base 11) to base 14.
-85
0 (base 4) to base 13
0
38 (base 9) to base 6
55
-42 (base 9) to base 12
-32
70 (base 9) to base 11
58
What is 8d (base 14) in base 4?
1331
What is -22 (base 5) in base 15?
-c
What is a (base 15) in base 16?
a
-7 (base 15) to base 12
-7
What is 5 (base 16) in base 4?
11
What is 1010 (base 2) in base 6?
14
55 (base 12) to base 13
50
Convert -2c (base 14) to base 15.
-2a
31 (base 10) to base 8
37
205 (base 8) to base 16
85
Convert -647 (base 8) to base 15.
-1d3
-11 (base 2) to base 3
-10
Convert 4 (base 10) to base 11.
4
What is -1 (base 7) in base 8?
-1
6 (base 15) to base 5
11
Convert 12 (base 6) to base 7.
11
-167 (base 11) to base 2
-11000010
-1 (base 15) to base 3
-1
-78 (base 9) to base 12
-5b
-23 (base 7) to base 14
-13
Convert 11 (base 10) to base 4.
23
Convert 22 (base 8) to base 11.
17
What is 106 (base 7) in base 11?
50
What is 3 (base 9) in base 8?
3
Convert -223 (base 8) to base 10.
-147
7 (base 9) to base 10
7
What is 101 (base 2) in base 10?
5
Convert 5 (base 8) to base 12.
5
What is 6 (base 9) in base 4?
12
Convert 42 (base 9) to base 4.
212
Convert -7 (base 11) to base 10.
-7
What is -13 (base 12) in base 15?
-10
b (base 15) to base 5
21
Convert 0 (base 2) to base 9.
0
What is -3 (base 5) in base 7?
-3
-2 (base 3) to base 6
-2
2 (base 14) to base 8
2
What is 50 (base 7) in base 4?
203
Convert 57 (base 9) to b